j**3 - 4*j**2 + 71*j + 205. Calculate c(-3).
1036
Let m(g) = 1260*g - 12046. What is m(9)?
-706
Let z(s) = 5*s**2 + 190*s - 386. Give z(-49).
2309
Let s(f) = -f**3 - 226*f**2 - 1942*f - 1116. Determine s(-217).
-3503
Let f(a) = -a**3 + 9*a**2 - 11*a - 10. What is f(4)?
26
Let v(c) = 5269*c - 10310. Calculate v(2).
228
Let p(r) = -24982*r + 99930. Calculate p(4).
2
Let h(q) = 3*q**2 - 86*q + 204. Give h(22).
-236
Let s(a) = 66*a**3 - 38*a**2 + 27*a + 20. Determine s(3).
1541
Let o(g) = 2*g**3 + 34*g**2 + 154*g + 77. Give o(-9).
-13
Let n(y) = y**3 - 73*y**2 - 173*y + 552. What is n(75)?
-1173
Let f(x) = -142*x + 6259. What is f(47)?
-415
Let h(v) = 47*v**2 - 129*v - 9619. Give h(-13).
1
Let u(g) = -2*g**3 + 69*g**2 + 62*g - 926. Calculate u(35).
19
Let b(u) = -3*u**2 + 159*u - 11. Give b(53).
-11
Let n(m) = 20*m**3 + 28*m**2 + 99*m + 170. Give n(-3).
-415
Let r(d) = -42*d**2 + 350*d - 684. Give r(2).
-152
Let p(a) = -2*a**3 - 180*a**2 + 241*a + 4962. Give p(-91).
-407
Let g(i) = 2*i**2 + 8472*i - 93449. Give g(11).
-15
Let h(v) = 514261*v - 4114092. Calculate h(8).
-4
Let a(n) = -4343*n**2 - 4267*n + 86. Determine a(-1).
10
Let p(q) = -12*q**2 + 13*q + 1773. Give p(13).
-86
Let q(z) = -z**3 + 53*z**2 - 634*z + 66. Give q(35).
-74
Let o(g) = g**3 + 40*g**2 + 35*g - 1358. Determine o(-38).
200
Let y(g) = -75*g**2 - 314*g + 293. What is y(-5)?
-12
Let u(d) = 3*d**3 + 121*d**2 + 344*d - 870. Calculate u(-37).
92
Let y(i) = 2*i**3 + 1339*i**2 + 30356*i - 3881. Give y(-646).
-5
Let j(d) = 2*d**3 - 633*d**2 + 1032*d - 27436. What is j(315)?
-31
Let l(r) = 9739*r - 108. Calculate l(0).
-108
Let t(d) = 16627*d - 2161499. Determine t(130).
11
Let b(p) = -p**2 - 87*p - 1358. Give b(-62).
192
Let p(m) = -256862*m + 1027416. Determine p(4).
-32
Let k(n) = -125*n + 16646. What is k(129)?
521
Let y(x) = -18700*x + 372687. Calculate y(20).
-1313
Let d(w) = -29*w**2 - 1134*w + 5683. Calculate d(5).
-712
Let f(n) = n**2 - 1379*n + 70318. What is f(53)?
40
Let c(y) = 142*y**2 - 796*y + 194. Give c(3).
-916
Let c(k) = -3098*k + 142734. Determine c(46).
226
Let c(p) = 54*p**2 + 973*p - 4940. Give c(5).
1275
Let g(r) = 373*r - 6249. Give g(22).
1957
Let o(a) = -2567*a + 2233. Determine o(0).
2233
Let f(g) = -g**2 - 11*g + 22609. Calculate f(146).
-313
Let y(k) = -73*k**2 + 45*k + 23. Give y(-4).
-1325
Let b(j) = -500*j - 1892. What is b(-4)?
108
Let u(c) = -c**2 + 68*c + 2358. Give u(-26).
-86
Let n(v) = 1117*v**2 + 3332*v - 61. What is n(-3)?
-4
Let o(s) = -3*s**2 - 134*s + 24834. Calculate o(-116).
10
Let d(l) = -2*l**2 + 1734*l + 22. What is d(0)?
22
Let m(t) = 508*t - 6812. What is m(13)?
-208
Let g(w) = -35*w**3 - 30*w**2 - 140*w - 183. What is g(-2)?
257
Let l(z) = 2*z**2 + 21079*z + 126387. Calculate l(-6).
-15
Let b(v) = 38*v**2 - 3503*v + 655. Give b(92).
11
Let o(g) = -444905*g + 8008299. Calculate o(18).
9
Let h(o) = 15*o**2 + 8887*o - 8886. Give h(1).
16
Let u(h) = -242869*h - 3400168. Give u(-14).
-2
Let x(j) = 5*j**3 + 10*j**2 - 23*j - 36. What is x(4)?
352
Let s(m) = -3*m**3 + 60*m**2 + 565*m + 54. Determine s(27).
0
Let n(d) = -d**3 + 41*d**2 + 110*d - 17. What is n(43)?
1015
Let d(a) = -2*a**3 + 38*a**2 - 64*a - 7. Determine d(2).
1
Let y(t) = 818*t**2 - 419632*t - 1046. Determine y(513).
-20
Let c(g) = -420209*g - 2521266. Determine c(-6).
-12
Let z(t) = -15*t**2 - 12*t + 2662. Give z(13).
-29
Let u(x) = 1703*x - 1521. Determine u(1).
182
Let g(d) = -3*d**3 - 137*d**2 - 285*d - 3105. Determine g(-44).
-245
Let j(c) = -5123*c**2 + 71749*c - 363. Give j(14).
15
Let h(n) = 8*n**2 + 40024*n - 40023. What is h(1)?
9
Let k(n) = n**2 - 5399*n + 27018. Calculate k(5).
48
Let y(i) = -i**2 + 1271898*i - 2543794. Calculate y(2).
-2
Let a(s) = 6442*s + 1062569. What is a(-165)?
-361
Let p(q) = 29*q**2 + 419*q - 705. What is p(-16)?
15
Let j(o) = -o**2 - 126*o - 3756. Give j(-67).
197
Let z(v) = 13*v**2 + 18577*v + 18572. What is z(-1)?
8
Let x(f) = -f**3 - 270*f**2 - 756*f + 12644. Give x(-267).
629
Let c(b) = b**3 - 6*b**2 - 518*b + 2650. Determine c(5).
35
Let j(i) = 4363*i + 270408. Determine j(-62).
-98
Let m(w) = -w**2 - 6200*w + 3292455. Calculate m(492).
-9
Let d(q) = 2*q**2 - 75*q - 15. Give d(37).
-52
Let r(h) = -998*h + 264531. Calculate r(265).
61
Let d(c) = 2*c**3 - 122*c**2 + 559*c + 161. What is d(56)?
105
Let j(i) = -14656*i - 1509506. What is j(-103)?
62
Let m(p) = 128552*p - 771311. Determine m(6).
1
Let q(d) = 27*d**2 - 111*d + 156. Give q(4).
144
Let l(f) = f**3 + 37*f**2 + 279*f + 362. Give l(-8).
-14
Let d(p) = 2*p**3 + 170*p**2 - 126*p + 4162. Give d(-86).
206
Let j(p) = -2*p**3 + 88*p**2 + 1486*p - 1897. Calculate j(-14).
35
Let s(a) = 53*a**2 + 65*a + 14. Give s(6).
2312
Let h(c) = 7*c**2 - 2315*c + 134313. Give h(75).
63
Let k(j) = -148*j**2 - 882*j + 6. What is k(-6)?
-30
Let h(y) = -16582*y - 25. Give h(0).
-25
Let o(q) = q**3 - q**2 - 118*q + 78. Determine o(-9).
330
Let x(n) = -279*n - 4253. What is x(-15)?
-68
Let i(p) = 16*p**2 + 13525*p - 36472. Determine i(-848).
-8
Let p(z) = -24*z**3 + 261*z**2 + 43*z - 102. Give p(11).
8
Let u(o) = o**3 + 32*o**2 - 80*o - 2095. What is u(-33)?
-544
Let a(i) = 2*i**3 + 52*i**2 - 453*i + 564. Determine a(-33).
267
Let x(o) = -372394*o + 1861994. Give x(5).
24
Let x(r) = -82*r**2 - 1970*r - 82. Calculate x(-24).
-34
Let o(x) = 1900*x**2 + 49398*x - 88. Calculate o(-26).
-36
Let g(b) = 12346*b - 172908. Give g(14).
-64
Let h(m) = 2*m**3 + 130*m**2 - 537*m + 269. Calculate h(-69).
-766
Let w(z) = -3*z**2 - 87353*z - 611321. What is w(-7)?
3
Let l(p) = -254*p - 6405. Give l(-25).
-55
Let x(d) = -d**3 + 31*d**2 - 251*d + 11. Calculate x(13).
-210
Let c(t) = -t**2 - 186*t + 2033. Give c(11).
-134
Let f(s) = -192*s**3 + 132*s**2 + 1030*s + 1. What is f(-2)?
5
Let k(v) = -107*v**2 - 1289*v - 21. Determine k(-12).
39
Let n(t) = 2499*t - 2014200. What is n(806)?
-6
Let v(i) = 179*i**2 - 93*i + 193. Calculate v(3).
1525
Let z(v) = 5142*v - 822720. Give z(160).
0
Let p(s) = 1050713*s + 4202856. Calculate p(-4).
4
Let z(w) = 310*w - 59272. Determine z(191).
-62
Let d(m) = -9069*m + 54553. What is d(6)?
139
Let w(h) = 8*h**3 + 124*h**2 - 28066*h - 734. Determine w(52).
-6
Let f(y) = -2*y**2 + 69*y - 18. Calculate f(41).
-551
Let p(l) = 295*l - 9938. Determine p(34).
92
Let n(g) = 6*g**3 - 73*g**2 + 410*g - 4767. Calculate n(12).
9
Let k(m) = 2538*m + 147205. Determine k(-58).
1
Let t(k) = 4*k**2 + 90*k + 191. What is t(-3)?
-43
Let i(o) = -3270*o - 284565. What is i(-87)?
-75
Let c(d) = -1125709*d - 6754253. What is c(-6)?
1
Let d(x) = -669*x + 29035. Give d(44).
-401
Let q(d) = d**2 - 2843*d + 156065. Calculate q(56).
-7
Let w(c) = 2*c**2 + 7046*c - 91675. Determine w(13).
261
Let c(v) = -10548*v + 379758. Calculate c(36).
30
Let u(y) = 45663*y - 136960. Give u(3).
29
Let u(c) = -419*c**2 + 3320*c + 280. Give u(8).
24
Let c(z) = -142*z + 5726. What is c(43)?
-380
Let w(k) = -7*k**3 + 923*k**2 - 2585*k + 687. What is w(129)?
42
Let n(s) = 202010*s - 202043. What is n(1)?
-33
Let j(t) = 77*t**2 + 1761*t + 54. Calculate j(-23).
284
Let l(h) = -1597*h - 11585. Calculate l(-7).
-406
Let k(h) = -5*h**2 + 156*h + 1730. What is k(-15)?
-1735
Let d(i) = 7*i**2 - 168*i - 205. Give d(0).
-205
Let b(t) = -t**2 - 43*t + 40. Give b(-44).
-4
Let j(g) = -g**3 + 269*g**2 - 781*g + 65958. Calculate j(267).
9
Let g(y) = 42*y**2 + 18612*y - 34703. Give g(-445).
7
Let d(p) = 889*p**3 - 7111*p**2 + 174*p - 1453. Give d(8).
3
Let h(w) = w**3 + 17*w - 169. Calculate h(7).
293
Let l(r) = -r**2 - 190*r + 8950. What is l(-229)?
19
Let i(v) = 6*v**2 - 1658*v + 9943. What is i(6)?
211
Let z(b) = b**3 + 77*b**2 + 765*b - 805. What is z(-65)?
170
Let v(n) = 11*n**2 + 334*n - 1763. Give v(5).
182
Let q(z) = z**3 - 13*z**2 + 147*z - 731. Determine q(7).
4
Let f(a) = -24843*a + 49741. What is f(2)?
55
Let l(i) = i**3 - 222*i**2 - 672*i - 750. Determine l(225).
-75
Let d(q) = -874*q - 31289. Determine d(-36).
175
Let o(n) = n**3 - 29*n**2 - 660*n + 25. Determine o(44).
25
Let a(z) = z**3 + 489*z**2 + 6104*z - 1000. Calculate a(-13).
92
Let a(q) = -q**2 + 25*q + 2708. Calculate a(-50).
-1042
Let a(q) = -2*q**2 - 3313*q - 100838. What is a(-31)?
-57
Let v(z) = 22004*z + 1958422. Calculate v(-89).
66
Let f(s) = s**3 + 18*s**2 + 18*s + 38.